{"id":165,"date":"2021-03-29T17:19:41","date_gmt":"2021-03-29T16:19:41","guid":{"rendered":"https:\/\/www.dls-kleemann.de\/?page_id=165"},"modified":"2025-05-08T14:28:04","modified_gmt":"2025-05-08T13:28:04","slug":"miet-service","status":"publish","type":"page","link":"https:\/\/www.dls-kleemann.de\/?page_id=165","title":{"rendered":"Miet-Service"},"content":{"rendered":"\n<figure class=\"wp-block-image is-resized is-style-default\"><img decoding=\"async\" src=\"https:\/\/www.dls-kleemann.de\/wp-content\/uploads\/2019\/09\/Bagger.jpg\" alt=\"Dieses Bild hat ein leeres Alt-Attribut. Der Dateiname ist Bagger.jpg\" style=\"width:57px;height:56px\"\/><\/figure>\n\n\n\n<p>folgende Fahrzeuge k\u00f6nnen Sie aus unserem Fuhrpark anmieten.<\/p>\n\n\n\n<p><strong>Minibagger &#8211; KABO 12t  Pro &#8211; mit \u00dcberdachung &#8211; 1,317 to <\/strong><\/p>\n\n\n\n<figure class=\"wp-block-gallery has-nested-images columns-default is-cropped wp-block-gallery-1 is-layout-flex wp-block-gallery-is-layout-flex\">\n<figure class=\"wp-block-image size-large\"><img loading=\"lazy\" decoding=\"async\" width=\"863\" height=\"1024\" data-id=\"416\" src=\"https:\/\/www.dls-kleemann.de\/wp-content\/uploads\/2025\/05\/KaBo1-863x1024.jpg\" alt=\"\" class=\"wp-image-416\" srcset=\"https:\/\/www.dls-kleemann.de\/wp-content\/uploads\/2025\/05\/KaBo1-863x1024.jpg 863w, https:\/\/www.dls-kleemann.de\/wp-content\/uploads\/2025\/05\/KaBo1-253x300.jpg 253w, https:\/\/www.dls-kleemann.de\/wp-content\/uploads\/2025\/05\/KaBo1-768x911.jpg 768w, https:\/\/www.dls-kleemann.de\/wp-content\/uploads\/2025\/05\/KaBo1.jpg 894w\" sizes=\"auto, (max-width: 767px) 89vw, (max-width: 1000px) 54vw, (max-width: 1071px) 543px, 580px\" \/><\/figure>\n\n\n\n<figure class=\"wp-block-image size-large\"><img loading=\"lazy\" decoding=\"async\" width=\"1024\" height=\"680\" data-id=\"417\" src=\"https:\/\/www.dls-kleemann.de\/wp-content\/uploads\/2025\/05\/KaBo3-1024x680.jpeg\" alt=\"\" class=\"wp-image-417\" srcset=\"https:\/\/www.dls-kleemann.de\/wp-content\/uploads\/2025\/05\/KaBo3-1024x680.jpeg 1024w, https:\/\/www.dls-kleemann.de\/wp-content\/uploads\/2025\/05\/KaBo3-300x199.jpeg 300w, https:\/\/www.dls-kleemann.de\/wp-content\/uploads\/2025\/05\/KaBo3-768x510.jpeg 768w, https:\/\/www.dls-kleemann.de\/wp-content\/uploads\/2025\/05\/KaBo3-1536x1020.jpeg 1536w, https:\/\/www.dls-kleemann.de\/wp-content\/uploads\/2025\/05\/KaBo3.jpeg 1600w\" sizes=\"auto, (max-width: 767px) 89vw, (max-width: 1000px) 54vw, (max-width: 1071px) 543px, 580px\" \/><\/figure>\n\n\n\n<figure class=\"wp-block-image size-large\"><img loading=\"lazy\" decoding=\"async\" width=\"1024\" height=\"874\" data-id=\"413\" src=\"https:\/\/www.dls-kleemann.de\/wp-content\/uploads\/2025\/05\/KaBo4-1024x874.jpeg\" alt=\"KaBo4\" class=\"wp-image-413\" srcset=\"https:\/\/www.dls-kleemann.de\/wp-content\/uploads\/2025\/05\/KaBo4-1024x874.jpeg 1024w, https:\/\/www.dls-kleemann.de\/wp-content\/uploads\/2025\/05\/KaBo4-300x256.jpeg 300w, https:\/\/www.dls-kleemann.de\/wp-content\/uploads\/2025\/05\/KaBo4-768x656.jpeg 768w, https:\/\/www.dls-kleemann.de\/wp-content\/uploads\/2025\/05\/KaBo4.jpeg 1129w\" sizes=\"auto, (max-width: 767px) 89vw, (max-width: 1000px) 54vw, (max-width: 1071px) 543px, 580px\" \/><\/figure>\n\n\n\n<figure class=\"wp-block-image size-large\"><img loading=\"lazy\" decoding=\"async\" width=\"961\" height=\"1024\" data-id=\"419\" src=\"https:\/\/www.dls-kleemann.de\/wp-content\/uploads\/2025\/05\/KaBo5-961x1024.jpeg\" alt=\"\" class=\"wp-image-419\" srcset=\"https:\/\/www.dls-kleemann.de\/wp-content\/uploads\/2025\/05\/KaBo5-961x1024.jpeg 961w, https:\/\/www.dls-kleemann.de\/wp-content\/uploads\/2025\/05\/KaBo5-282x300.jpeg 282w, https:\/\/www.dls-kleemann.de\/wp-content\/uploads\/2025\/05\/KaBo5-768x818.jpeg 768w, https:\/\/www.dls-kleemann.de\/wp-content\/uploads\/2025\/05\/KaBo5.jpeg 995w\" sizes=\"auto, (max-width: 767px) 89vw, (max-width: 1000px) 54vw, (max-width: 1071px) 543px, 580px\" \/><\/figure>\n<\/figure>\n\n\n\n<p><strong>Minibagger KABO 1.2T Pro<\/strong><\/p>\n\n\n\n<p><strong><span class=\"has-inline-color has-vivid-cyan-blue-color\">Technische Daten:<br><\/span><\/strong>L\u00e4nge: 3,05 m<br>Breite: 0,88 &#8211; 1,29 m (Verstellfahrwerk)<br>H\u00f6he: 259 cm (Oberkante \u00dcberdachung)<br>1*hydraulische Grabenschaufel 0,7 m, 1*35er L\u00f6ffel, 1*45er L\u00f6ffel <br>Kaution: 200 \u20ac<\/p>\n\n\n\n<p>Tagesmietpreis 110 \u20ac<br>Wochenendpreis von Fr &#8211; So 160 \u20ac<br>Wochenmietpreis von Mo &#8211; So 480 \u20ac<\/p>\n\n\n\n<hr class=\"wp-block-separator has-alpha-channel-opacity is-style-wide\"\/>\n\n\n\n<p><strong>Pferdetransporter &#8211; Tandem &#8211;  mit Ladeklappe &#8211; 2.5 to<\/strong><\/p>\n\n\n\n<figure class=\"wp-block-gallery has-nested-images columns-default is-cropped wp-block-gallery-2 is-layout-flex wp-block-gallery-is-layout-flex\">\n<figure class=\"wp-block-image size-full\"><img loading=\"lazy\" decoding=\"async\" width=\"1613\" height=\"1210\" data-id=\"379\" src=\"https:\/\/www.dls-kleemann.de\/wp-content\/uploads\/2024\/02\/20230902_180007-1.jpg\" alt=\"\" class=\"wp-image-379\" srcset=\"https:\/\/www.dls-kleemann.de\/wp-content\/uploads\/2024\/02\/20230902_180007-1.jpg 1613w, https:\/\/www.dls-kleemann.de\/wp-content\/uploads\/2024\/02\/20230902_180007-1-300x225.jpg 300w, https:\/\/www.dls-kleemann.de\/wp-content\/uploads\/2024\/02\/20230902_180007-1-1024x768.jpg 1024w, https:\/\/www.dls-kleemann.de\/wp-content\/uploads\/2024\/02\/20230902_180007-1-768x576.jpg 768w, https:\/\/www.dls-kleemann.de\/wp-content\/uploads\/2024\/02\/20230902_180007-1-1536x1152.jpg 1536w\" sizes=\"auto, (max-width: 767px) 89vw, (max-width: 1000px) 54vw, (max-width: 1071px) 543px, 580px\" \/><\/figure>\n\n\n\n<figure class=\"wp-block-image size-full\"><img loading=\"lazy\" decoding=\"async\" width=\"545\" height=\"726\" data-id=\"426\" src=\"https:\/\/www.dls-kleemann.de\/wp-content\/uploads\/2025\/05\/20230902_180145.jpg\" alt=\"\" class=\"wp-image-426\" srcset=\"https:\/\/www.dls-kleemann.de\/wp-content\/uploads\/2025\/05\/20230902_180145.jpg 545w, https:\/\/www.dls-kleemann.de\/wp-content\/uploads\/2025\/05\/20230902_180145-225x300.jpg 225w\" sizes=\"auto, (max-width: 545px) 100vw, 545px\" \/><\/figure>\n\n\n\n<figure class=\"wp-block-image size-full\"><img loading=\"lazy\" decoding=\"async\" width=\"908\" height=\"1210\" data-id=\"425\" src=\"https:\/\/www.dls-kleemann.de\/wp-content\/uploads\/2025\/05\/20230902_180126.jpg\" alt=\"\" class=\"wp-image-425\" srcset=\"https:\/\/www.dls-kleemann.de\/wp-content\/uploads\/2025\/05\/20230902_180126.jpg 908w, https:\/\/www.dls-kleemann.de\/wp-content\/uploads\/2025\/05\/20230902_180126-225x300.jpg 225w, https:\/\/www.dls-kleemann.de\/wp-content\/uploads\/2025\/05\/20230902_180126-768x1023.jpg 768w\" sizes=\"auto, (max-width: 767px) 89vw, (max-width: 1000px) 54vw, (max-width: 1071px) 543px, 580px\" \/><\/figure>\n\n\n\n<figure class=\"wp-block-image size-full\"><img loading=\"lazy\" decoding=\"async\" width=\"545\" height=\"726\" data-id=\"428\" src=\"https:\/\/www.dls-kleemann.de\/wp-content\/uploads\/2025\/05\/20230902_180334.jpg\" alt=\"\" class=\"wp-image-428\" srcset=\"https:\/\/www.dls-kleemann.de\/wp-content\/uploads\/2025\/05\/20230902_180334.jpg 545w, https:\/\/www.dls-kleemann.de\/wp-content\/uploads\/2025\/05\/20230902_180334-225x300.jpg 225w\" sizes=\"auto, (max-width: 545px) 100vw, 545px\" \/><\/figure>\n\n\n\n<figure class=\"wp-block-image size-full\"><img loading=\"lazy\" decoding=\"async\" width=\"545\" height=\"726\" data-id=\"427\" src=\"https:\/\/www.dls-kleemann.de\/wp-content\/uploads\/2025\/05\/20230902_180343.jpg\" alt=\"\" class=\"wp-image-427\" srcset=\"https:\/\/www.dls-kleemann.de\/wp-content\/uploads\/2025\/05\/20230902_180343.jpg 545w, https:\/\/www.dls-kleemann.de\/wp-content\/uploads\/2025\/05\/20230902_180343-225x300.jpg 225w\" sizes=\"auto, (max-width: 545px) 100vw, 545px\" \/><\/figure>\n<\/figure>\n\n\n\n<p><strong>Pferdetransporter &#8211; 2,5 to<\/strong><\/p>\n\n\n\n<p>Nutzlast: 1600 kg<br><strong><span class=\"has-inline-color has-vivid-cyan-blue-color\">Innenma\u00df:<br><\/span><\/strong>L\u00e4nge: 4 m<br>Breite: 1,80 m<br>H\u00f6he: 300 cm<br>100 km\/h Zulassung<br>Kaution: 200 \u20ac<\/p>\n\n\n\n<p>Tagesmietpreis 60\u20ac<br>Wochenendpreis von Fr &#8211; So 160 \u20ac<br>Wochenmietpreis von Mo &#8211; So 280 \u20ac<\/p>\n\n\n\n<hr class=\"wp-block-separator has-alpha-channel-opacity is-style-wide\"\/>\n\n\n\n<p><strong>Tieflader &#8211; Tridem &#8211;  mit Ladeklappe &#8211; 3.5 to &#8211; 100km\/h Baumaschinentransporter<\/strong><\/p>\n\n\n\n<figure class=\"wp-block-gallery has-nested-images columns-default is-cropped wp-block-gallery-3 is-layout-flex wp-block-gallery-is-layout-flex\">\n<figure class=\"wp-block-image size-large\"><img loading=\"lazy\" decoding=\"async\" width=\"1024\" height=\"423\" data-id=\"177\" src=\"https:\/\/www.dls-kleemann.de\/wp-content\/uploads\/2021\/03\/Tieflader-3.5-to-1-1024x423.jpg\" alt=\"\" class=\"wp-image-177\" srcset=\"https:\/\/www.dls-kleemann.de\/wp-content\/uploads\/2021\/03\/Tieflader-3.5-to-1-1024x423.jpg 1024w, https:\/\/www.dls-kleemann.de\/wp-content\/uploads\/2021\/03\/Tieflader-3.5-to-1-300x124.jpg 300w, https:\/\/www.dls-kleemann.de\/wp-content\/uploads\/2021\/03\/Tieflader-3.5-to-1-768x317.jpg 768w, https:\/\/www.dls-kleemann.de\/wp-content\/uploads\/2021\/03\/Tieflader-3.5-to-1.jpg 1466w\" sizes=\"auto, (max-width: 767px) 89vw, (max-width: 1000px) 54vw, (max-width: 1071px) 543px, 580px\" \/><\/figure>\n\n\n\n<figure class=\"wp-block-image size-large\"><img loading=\"lazy\" decoding=\"async\" width=\"1024\" height=\"419\" data-id=\"178\" src=\"https:\/\/www.dls-kleemann.de\/wp-content\/uploads\/2021\/03\/Tieflader-3.5-to-2-1024x419.jpg\" alt=\"\" class=\"wp-image-178\" srcset=\"https:\/\/www.dls-kleemann.de\/wp-content\/uploads\/2021\/03\/Tieflader-3.5-to-2-1024x419.jpg 1024w, https:\/\/www.dls-kleemann.de\/wp-content\/uploads\/2021\/03\/Tieflader-3.5-to-2-300x123.jpg 300w, https:\/\/www.dls-kleemann.de\/wp-content\/uploads\/2021\/03\/Tieflader-3.5-to-2-768x314.jpg 768w, https:\/\/www.dls-kleemann.de\/wp-content\/uploads\/2021\/03\/Tieflader-3.5-to-2-1536x628.jpg 1536w, https:\/\/www.dls-kleemann.de\/wp-content\/uploads\/2021\/03\/Tieflader-3.5-to-2.jpg 1585w\" sizes=\"auto, (max-width: 767px) 89vw, (max-width: 1000px) 54vw, (max-width: 1071px) 543px, 580px\" \/><\/figure>\n<\/figure>\n\n\n\n<p><strong>Baumaschinentransporter 3500 kg<\/strong><\/p>\n\n\n\n<p>Nutzlast: 2800 kg<br><strong><span class=\"has-inline-color has-vivid-cyan-blue-color\">Innenma\u00df:<br><\/span><\/strong>L\u00e4nge: 4 m<br>Breite: 1,80 m<br>H\u00f6he: 30 cm<br>100 km\/h Zulassung<br>Kaution: 200 \u20ac<\/p>\n\n\n\n<p>Tagesmietpreis 60\u20ac<br>Wochenendpreis von Fr &#8211; So 160 \u20ac<br>Wochenmietpreis von Mo &#8211; So 280 \u20ac<\/p>\n\n\n\n<hr class=\"wp-block-separator has-alpha-channel-opacity is-style-wide\"\/>\n\n\n\n<p><strong>Kipper &#8211; Tandem &#8211; elektrische Kippausf\u00fchrung &#8211; 2.0 to &#8211; 80km\/h Transportanh\u00e4nger<\/strong><\/p>\n\n\n\n<figure class=\"wp-block-gallery has-nested-images columns-default is-cropped wp-block-gallery-4 is-layout-flex wp-block-gallery-is-layout-flex\">\n<figure class=\"wp-block-image size-large\"><img loading=\"lazy\" decoding=\"async\" width=\"1024\" height=\"768\" data-id=\"191\" src=\"https:\/\/www.dls-kleemann.de\/wp-content\/uploads\/2021\/05\/Kip-2to-001-1024x768.jpg\" alt=\"\" class=\"wp-image-191\" srcset=\"https:\/\/www.dls-kleemann.de\/wp-content\/uploads\/2021\/05\/Kip-2to-001-1024x768.jpg 1024w, https:\/\/www.dls-kleemann.de\/wp-content\/uploads\/2021\/05\/Kip-2to-001-300x225.jpg 300w, https:\/\/www.dls-kleemann.de\/wp-content\/uploads\/2021\/05\/Kip-2to-001-768x576.jpg 768w, https:\/\/www.dls-kleemann.de\/wp-content\/uploads\/2021\/05\/Kip-2to-001.jpg 1210w\" sizes=\"auto, (max-width: 767px) 89vw, (max-width: 1000px) 54vw, (max-width: 1071px) 543px, 580px\" \/><\/figure>\n\n\n\n<figure class=\"wp-block-image size-large\"><img loading=\"lazy\" decoding=\"async\" width=\"1024\" height=\"768\" data-id=\"192\" src=\"https:\/\/www.dls-kleemann.de\/wp-content\/uploads\/2021\/05\/Kip-2to-002-1024x768.jpg\" alt=\"\" class=\"wp-image-192\" srcset=\"https:\/\/www.dls-kleemann.de\/wp-content\/uploads\/2021\/05\/Kip-2to-002-1024x768.jpg 1024w, https:\/\/www.dls-kleemann.de\/wp-content\/uploads\/2021\/05\/Kip-2to-002-300x225.jpg 300w, https:\/\/www.dls-kleemann.de\/wp-content\/uploads\/2021\/05\/Kip-2to-002-768x576.jpg 768w, https:\/\/www.dls-kleemann.de\/wp-content\/uploads\/2021\/05\/Kip-2to-002.jpg 1210w\" sizes=\"auto, (max-width: 767px) 89vw, (max-width: 1000px) 54vw, (max-width: 1071px) 543px, 580px\" \/><\/figure>\n\n\n\n<figure class=\"wp-block-image size-large\"><img loading=\"lazy\" decoding=\"async\" width=\"1024\" height=\"768\" data-id=\"193\" src=\"https:\/\/www.dls-kleemann.de\/wp-content\/uploads\/2021\/05\/Kip-2to-004-1024x768.jpg\" alt=\"\" class=\"wp-image-193\" srcset=\"https:\/\/www.dls-kleemann.de\/wp-content\/uploads\/2021\/05\/Kip-2to-004-1024x768.jpg 1024w, https:\/\/www.dls-kleemann.de\/wp-content\/uploads\/2021\/05\/Kip-2to-004-300x225.jpg 300w, https:\/\/www.dls-kleemann.de\/wp-content\/uploads\/2021\/05\/Kip-2to-004-768x576.jpg 768w, https:\/\/www.dls-kleemann.de\/wp-content\/uploads\/2021\/05\/Kip-2to-004.jpg 1210w\" sizes=\"auto, (max-width: 767px) 89vw, (max-width: 1000px) 54vw, (max-width: 1071px) 543px, 580px\" \/><\/figure>\n<\/figure>\n\n\n\n<p><strong>Transportanh\u00e4nger 2000 kg<\/strong><\/p>\n\n\n\n<p>Nutzlast: 1385 kg<br><strong><span class=\"has-inline-color has-vivid-cyan-blue-color\">Innenma\u00df:<\/span><br><\/strong>L\u00e4nge: 2,4 m<br>Breite: 1,45 m<br>H\u00f6he: 30 cm<br>80 km\/h Zulassung<br>Kaution: 100 \u20ac<\/p>\n\n\n\n<p>Tagesmietpreis 40\u20ac<br>Wochenendpreis von Fr &#8211; So 100 \u20ac<br>Wochenmietpreis von Mo &#8211; So 190 \u20ac<\/p>\n\n\n\n<hr class=\"wp-block-separator has-alpha-channel-opacity is-style-wide\"\/>\n\n\n\n<p><strong>Minibagger &#8211; Bobcat 325 &#8211; 2.7 to mit F\u00fchrerhaus<\/strong><\/p>\n\n\n\n<figure class=\"wp-block-gallery has-nested-images columns-default is-cropped wp-block-gallery-5 is-layout-flex wp-block-gallery-is-layout-flex\">\n<figure class=\"wp-block-image size-large\"><img loading=\"lazy\" decoding=\"async\" width=\"1024\" height=\"768\" data-id=\"292\" src=\"https:\/\/www.dls-kleemann.de\/wp-content\/uploads\/2021\/07\/Bobcat-325_1-1024x768.jpeg\" alt=\"\" class=\"wp-image-292\" srcset=\"https:\/\/www.dls-kleemann.de\/wp-content\/uploads\/2021\/07\/Bobcat-325_1-1024x768.jpeg 1024w, https:\/\/www.dls-kleemann.de\/wp-content\/uploads\/2021\/07\/Bobcat-325_1-300x225.jpeg 300w, https:\/\/www.dls-kleemann.de\/wp-content\/uploads\/2021\/07\/Bobcat-325_1-768x576.jpeg 768w, https:\/\/www.dls-kleemann.de\/wp-content\/uploads\/2021\/07\/Bobcat-325_1-1536x1152.jpeg 1536w, https:\/\/www.dls-kleemann.de\/wp-content\/uploads\/2021\/07\/Bobcat-325_1.jpeg 1600w\" sizes=\"auto, (max-width: 767px) 89vw, (max-width: 1000px) 54vw, (max-width: 1071px) 543px, 580px\" \/><\/figure>\n<\/figure>\n\n\n\n<p><strong>Minibagger Bobcat 325<\/strong><\/p>\n\n\n\n<p><strong><span class=\"has-inline-color has-vivid-cyan-blue-color\">Technische Daten:<br><\/span><\/strong>L\u00e4nge: 4,20 m<br>Breite: 1,40 m<br>H\u00f6he: 245 cm (Oberkante F\u00fchrerhaus)<br>1*Grabenschaufel 1,2 m, 1*76er L\u00f6ffel, 1*40er L\u00f6ffel, 1*28er L\u00f6ffel <br>Kaution: 200 \u20ac <\/p>\n\n\n\n<p>Tagesmietpreis 120 \u20ac<br>Wochenendpreis von Fr &#8211; So 180 \u20ac<br>Wochenmietpreis von Mo &#8211; So 510 \u20ac<\/p>\n\n\n\n<p><\/p>\n","protected":false},"excerpt":{"rendered":"<p>folgende Fahrzeuge k\u00f6nnen Sie aus unserem Fuhrpark anmieten. Minibagger &#8211; KABO 12t Pro &#8211; mit \u00dcberdachung &#8211; 1,317 to Minibagger KABO 1.2T Pro Technische Daten:L\u00e4nge: 3,05 mBreite: 0,88 &#8211; 1,29 m (Verstellfahrwerk)H\u00f6he: 259 cm (Oberkante \u00dcberdachung)1*hydraulische Grabenschaufel 0,7 m, 1*35er L\u00f6ffel, 1*45er L\u00f6ffel Kaution: 200 \u20ac Tagesmietpreis 110 \u20acWochenendpreis von Fr &#8211; So 160 \u20acWochenmietpreis &hellip; <\/p>\n<p class=\"link-more\"><a href=\"https:\/\/www.dls-kleemann.de\/?page_id=165\" class=\"more-link\"><span class=\"screen-reader-text\">\u201eMiet-Service\u201c <\/span>weiterlesen<\/a><\/p>\n","protected":false},"author":2,"featured_media":0,"parent":0,"menu_order":0,"comment_status":"closed","ping_status":"closed","template":"","meta":{"footnotes":""},"class_list":["post-165","page","type-page","status-publish","hentry"],"_links":{"self":[{"href":"https:\/\/www.dls-kleemann.de\/index.php?rest_route=\/wp\/v2\/pages\/165","targetHints":{"allow":["GET"]}}],"collection":[{"href":"https:\/\/www.dls-kleemann.de\/index.php?rest_route=\/wp\/v2\/pages"}],"about":[{"href":"https:\/\/www.dls-kleemann.de\/index.php?rest_route=\/wp\/v2\/types\/page"}],"author":[{"embeddable":true,"href":"https:\/\/www.dls-kleemann.de\/index.php?rest_route=\/wp\/v2\/users\/2"}],"replies":[{"embeddable":true,"href":"https:\/\/www.dls-kleemann.de\/index.php?rest_route=%2Fwp%2Fv2%2Fcomments&post=165"}],"version-history":[{"count":7,"href":"https:\/\/www.dls-kleemann.de\/index.php?rest_route=\/wp\/v2\/pages\/165\/revisions"}],"predecessor-version":[{"id":431,"href":"https:\/\/www.dls-kleemann.de\/index.php?rest_route=\/wp\/v2\/pages\/165\/revisions\/431"}],"wp:attachment":[{"href":"https:\/\/www.dls-kleemann.de\/index.php?rest_route=%2Fwp%2Fv2%2Fmedia&parent=165"}],"curies":[{"name":"wp","href":"https:\/\/api.w.org\/{rel}","templated":true}]}}